{"id":25852,"date":"2020-11-16T15:01:46","date_gmt":"2020-11-16T14:01:46","guid":{"rendered":"https:\/\/www.wiseband.com\/blog\/distribucion-digital\/"},"modified":"2021-08-04T10:00:43","modified_gmt":"2021-08-04T08:00:43","slug":"distribucion-digital","status":"publish","type":"page","link":"https:\/\/www.wiseband.es\/blog\/distribucion-digital\/","title":{"rendered":"Distribuci\u00f3n Digital"},"content":{"rendered":"\n<h2 class=\"wp-block-heading\"><p><strong>1. \u00bfEn qu\u00e9 plataformas est\u00e1 disponible mi m\u00fasica?<\/strong><\/p><\/h2>\n\n<p><p>Las plataformas en las que est\u00e1 disponible su m\u00fasica se pueden ver en la pesta\u00f1a <b>PRODUCTOS &gt; Distribuci\u00f3n Digital<\/b>. En la columna &#8220;ACCIONES&#8221;, haga clic en el icono de ajustes del art\u00edculo y luego seleccione &#8220;Agregar\/Suprimir plataformas&#8221;. Ver\u00e1 la lista de las plataformas seleccionadas e incluso puede modificarla.<\/p><\/p>\n\n<p><p><span style=\"font-weight: 400;\">Tambi\u00e9n puedes ver la lista de plataformas haciendo clic en \u201c<strong>Contrato de distribuci\u00f3n digital<\/strong>\u201d, una vez en el men\u00fa de ajustes. Todas las plataformas est\u00e1n enumeradas al final del contrato.<\/span><\/p><\/p>\n\n<h2 class=\"wp-block-heading\"><p><strong>2. \u00bfA cu\u00e1ntas plataformas distribuye Wiseband?<\/strong><\/p><\/h2>\n\n<p>Actualmente, Wiseband puedes distribuir tu m\u00fasica a un total de 30 plataformas:<\/p>\n\n<p><p>iTunes, Apple Music, Tiktok, Amazon, Deezer, Qobuz, Pandora, Tidal, Spotify, JioSaavn, Shazam, YouTube (YouTube Music &amp; Content ID), Napster, Facebook Music, Netease, QQ Music, Alibaba, AWA, Yandex, Mixcloud, Akazoo, Slacker, iHeart Radio, Beatport, Traxsource, Juno, Monking Me, Boomplay.<span class=\"Apple-converted-space\">\u00a0<\/span><\/p>&#13;\n<p>\u00a1Otras se ir\u00e1n a\u00f1adiendo!<span class=\"Apple-converted-space\">\u00a0<\/span><\/p><\/p>\n\n<h2 class=\"wp-block-heading\"><p><strong>3. \u00bfCu\u00e1nto tiempo tarda mi m\u00fasica en estar disponible en las plataformas?<\/strong><\/p><\/h2>\n\n<p><p><span style=\"font-weight: 400;\">\u00a1Buena pregunta! Pues hay que tener en cuenta los plazos de lanzamiento de un single o un \u00e1lbum. Actualmente, las grandes plataformas como Spotify, Deezer y Apple Music tardan hasta <strong>72 horas<\/strong> en publicar tus pistas Con otras puede tardar hasta 3 semanas.<\/span><\/p><\/p>\n\n<p><p><span style=\"font-weight: 400;\"><strong>Te recomendamos que calcules al menos 3 semanas desde el env\u00edo de su m\u00fasica hasta la fecha de lanzamiento<\/strong>. Si es m\u00e1s, mejor. Una buena planificaci\u00f3n puede ser la clave del \u00e9xito. Es muy importante que se tome el tiempo necesario para preparar el lanzamiento y la promoci\u00f3n de tu m\u00fasica.<\/span><\/p><\/p>\n\n<h2 class=\"wp-block-heading\"><p><strong>4. \u00bfQu\u00e9 cambios puedo realizar despu\u00e9s de haber encargado la\u00a0<\/strong><b>distribuci\u00f3n?<\/b><\/p><\/h2>\n\n<p><p>Es bastante probable que se tenga que cambiar algo si se ha colado alg\u00fan error en los datos de lanzamiento.<\/p>&#13;\n<p>Estos son los datos que se pueden corregir posteriormente*:<span class=\"Apple-converted-space\">\u00a0<\/span><\/p><\/p>\n\n<ul class=\"wp-block-list\"><li>El t\u00edtulo de una canci\u00f3n<\/li><li>Todos los metadatos de una canci\u00f3n\/un \u00e1lbum (arreglista, productor, etc..)<\/li><li>La portada<\/li><li>El archivo original tambi\u00e9n se puede reemplaza<\/li><li>El nombre de la banda**<\/li><\/ul>\n\n<p>*Todos los cambios se cobrar\u00e1n con 10 \u20ac cada uno, con IVA incluido. Por lo tanto, compruebe de antemano si sus datos son correctos, por favor!<\/p>\n\n<p><p>** El cambio del nombre de la banda es muy complicado, por lo que cobramos 50 \u20ac, con IVA incluido.<br\/><br\/>Por favor, tenga en cuenta: no es posible cambiar el c\u00f3digo ISRC de una pista.<\/p><\/p>\n\n<h2 class=\"wp-block-heading\"><p><strong>5.\u00a0Mi m\u00fasica aparece en la p\u00e1gina de otro artista, \u00bfqu\u00e9 puedo hacer?<br\/><br\/><\/strong><\/p><\/h2>\n\n<p>Esto ocurre a menudo cuando otros artistas tienen el mismo nombre que el suyo. De todas formas, en Wiseband estamos preparados ante este tipo de problema. Para m\u00e1s informaci\u00f3n, por favor, lea nuestro art\u00edculo sobre \u201eArtist Mapping\u201c<\/p>\n\n<h2 class=\"wp-block-heading\"><p><strong>6.\u00a0Mi m\u00fasica en YouTube no est\u00e1 en mi canal de YouTube, \u00bfc\u00f3mo remediarlo?<\/strong><\/p><\/h2>\n\n<p>En YouTube, todos los lanzamientos se asignan autom\u00e1ticamente a los canales llamados \u201cTopic\u201d o \u201cVarious artists\u201d. Para remediarlo, podemos pedirle a YouTube que convierta tu canal en un Canal Oficial de Artista (Official Artist Channel). Una vez tengas el Canal Oficial de Artista, todas tus publicaciones se asignar\u00e1n, por defecto, a este canal.<\/p>\n\n<p><p><span style=\"font-weight: 400;\">Por favor, lee nuestro art\u00edculo sobre c\u00f3mo acceder a un <strong>Canal Oficial de Artista en YouTube<\/strong> (se necesitan ciertos requisitos).<\/span><\/p><\/p>\n\n<h2 class=\"wp-block-heading\"><p><strong>7.\u00a0YouTube Content-ID, \u00bfqu\u00e9 es y c\u00f3mo obtenerlo?<\/strong><\/p><\/h2>\n\n<p>YouTube Content-ID es un sistema de identificaci\u00f3n de contenido con el que se crea una huella digital de tu m\u00fasica. Esta huella identificar\u00e1 autom\u00e1tica y (casi) sistem\u00e1ticamente tu m\u00fasica tan pronto como aparezca en un v\u00eddeo de YouTube y generar\u00e1 ingresos. Pr\u00e1ctico, \u00bfno?<\/p>\n\n<p>Sin embargo, para el uso de Content ID hay ciertos requisitos bastante estrictos. Uno de los criterios que YouTube y, por lo tanto, nosotros aplicamos es que seas propietario de los derechos exclusivos de la obra en cuesti\u00f3n. Si una grabaci\u00f3n no cumple este criterio, cosa que siempre acaba saliendo a la luz, el material ser\u00e1 retirado inmediatamente y los ingresos ser\u00e1n congelados.&#13;\n<\/p>\n\n<p><p>Cada contenido es sometido a un control exhaustivo antes de integrarse en el<span class=\"Apple-converted-space\">\u00a0<\/span><a href=\"https:\/\/support.google.com\/youtube\/answer\/1311402\">sistema de Content ID<\/a>.<\/p><\/p>\n\n<h2 class=\"wp-block-heading\"><p><strong>8. \u00bfQu\u00e9 plataformas pagan m\u00e1s? \u00bfCu\u00e1nto gano por cada stream?<\/strong><\/p><\/h2>\n\n<p>Preguntas frecuentes a las que no hay una respuesta sencilla. Todo depende de diferentes factores, como por ejemplo:<\/p>\n\n<ul class=\"wp-block-list\"><li>El lugar: los pagos var\u00edan de un pa\u00eds a otro<\/li><li>Los pagos por stream var\u00edan, un poco como en la bolsa<\/li><li>El n\u00famero de usuarios<\/li><\/ul>\n","protected":false},"excerpt":{"rendered":"<p>1. \u00bfEn qu\u00e9 plataformas est\u00e1 disponible mi m\u00fasica? Las plataformas en las que est\u00e1 disponible su m\u00fasica se pueden ver en la pesta\u00f1a PRODUCTOS &gt; Distribuci\u00f3n Digital. En la columna &#8220;ACCIONES&#8221;, haga clic en el icono de ajustes del art\u00edculo y luego seleccione &#8220;Agregar\/Suprimir plataformas&#8221;. Ver\u00e1 la lista de las plataformas seleccionadas e incluso puede [&hellip;]<\/p>\n","protected":false},"author":2,"featured_media":25468,"parent":0,"menu_order":0,"comment_status":"closed","ping_status":"closed","template":"","meta":{"_et_pb_use_builder":"off","_et_pb_old_content":"","_et_gb_content_width":"","footnotes":""},"categories":[],"tags":[],"class_list":["post-25852","page","type-page","status-publish","has-post-thumbnail","hentry"],"yoast_head":"<!-- This site is optimized with the Yoast SEO plugin v26.3 - https:\/\/yoast.com\/wordpress\/plugins\/seo\/ -->\n<title>Distribuci\u00f3n Digital - Wiseband<\/title>\n<meta name=\"robots\" content=\"index, follow, max-snippet:-1, max-image-preview:large, max-video-preview:-1\" \/>\n<link rel=\"canonical\" href=\"https:\/\/www.wiseband.es\/blog\/distribucion-digital\/\" \/>\n<meta property=\"og:locale\" content=\"es_ES\" \/>\n<meta property=\"og:type\" content=\"article\" \/>\n<meta property=\"og:title\" content=\"Distribuci\u00f3n Digital - Wiseband\" \/>\n<meta property=\"og:description\" content=\"1. \u00bfEn qu\u00e9 plataformas est\u00e1 disponible mi m\u00fasica? Las plataformas en las que est\u00e1 disponible su m\u00fasica se pueden ver en la pesta\u00f1a PRODUCTOS &gt; Distribuci\u00f3n Digital. En la columna &#8220;ACCIONES&#8221;, haga clic en el icono de ajustes del art\u00edculo y luego seleccione &#8220;Agregar\/Suprimir plataformas&#8221;. Ver\u00e1 la lista de las plataformas seleccionadas e incluso puede [&hellip;]\" \/>\n<meta property=\"og:url\" content=\"https:\/\/www.wiseband.es\/blog\/distribucion-digital\/\" \/>\n<meta property=\"og:site_name\" content=\"Wiseband\" \/>\n<meta property=\"article:modified_time\" content=\"2021-08-04T08:00:43+00:00\" \/>\n<meta property=\"og:image\" content=\"https:\/\/www.wiseband.es\/blog\/wp-content\/uploads\/2020\/11\/neonbrand-plrlb68XPqI-unsplash-scaled.jpg\" \/>\n\t<meta property=\"og:image:width\" content=\"2560\" \/>\n\t<meta property=\"og:image:height\" content=\"1707\" \/>\n\t<meta property=\"og:image:type\" content=\"image\/jpeg\" \/>\n<meta name=\"twitter:card\" content=\"summary_large_image\" \/>\n<meta name=\"twitter:label1\" content=\"Est. reading time\" \/>\n\t<meta name=\"twitter:data1\" content=\"4 minutes\" \/>\n<script type=\"application\/ld+json\" class=\"yoast-schema-graph\">{\"@context\":\"https:\/\/schema.org\",\"@graph\":[{\"@type\":\"WebPage\",\"@id\":\"https:\/\/www.wiseband.es\/blog\/distribucion-digital\/\",\"url\":\"https:\/\/www.wiseband.es\/blog\/distribucion-digital\/\",\"name\":\"Distribuci\u00f3n Digital - Wiseband\",\"isPartOf\":{\"@id\":\"https:\/\/www.wiseband.com\/blog\/#website\"},\"primaryImageOfPage\":{\"@id\":\"https:\/\/www.wiseband.es\/blog\/distribucion-digital\/#primaryimage\"},\"image\":{\"@id\":\"https:\/\/www.wiseband.es\/blog\/distribucion-digital\/#primaryimage\"},\"thumbnailUrl\":\"https:\/\/www.wiseband.es\/blog\/wp-content\/uploads\/2020\/11\/neonbrand-plrlb68XPqI-unsplash-scaled.jpg\",\"datePublished\":\"2020-11-16T14:01:46+00:00\",\"dateModified\":\"2021-08-04T08:00:43+00:00\",\"breadcrumb\":{\"@id\":\"https:\/\/www.wiseband.es\/blog\/distribucion-digital\/#breadcrumb\"},\"inLanguage\":\"es-ES\",\"potentialAction\":[{\"@type\":\"ReadAction\",\"target\":[\"https:\/\/www.wiseband.es\/blog\/distribucion-digital\/\"]}]},{\"@type\":\"ImageObject\",\"inLanguage\":\"es-ES\",\"@id\":\"https:\/\/www.wiseband.es\/blog\/distribucion-digital\/#primaryimage\",\"url\":\"https:\/\/www.wiseband.es\/blog\/wp-content\/uploads\/2020\/11\/neonbrand-plrlb68XPqI-unsplash-scaled.jpg\",\"contentUrl\":\"https:\/\/www.wiseband.es\/blog\/wp-content\/uploads\/2020\/11\/neonbrand-plrlb68XPqI-unsplash-scaled.jpg\",\"width\":2560,\"height\":1707,\"caption\":\"Distribuci\u00f3n digital\"},{\"@type\":\"BreadcrumbList\",\"@id\":\"https:\/\/www.wiseband.es\/blog\/distribucion-digital\/#breadcrumb\",\"itemListElement\":[{\"@type\":\"ListItem\",\"position\":1,\"name\":\"Home\",\"item\":\"https:\/\/www.wiseband.com\/blog\/\"},{\"@type\":\"ListItem\",\"position\":2,\"name\":\"Distribuci\u00f3n Digital\"}]},{\"@type\":\"WebSite\",\"@id\":\"https:\/\/www.wiseband.com\/blog\/#website\",\"url\":\"https:\/\/www.wiseband.com\/blog\/\",\"name\":\"Wiseband\",\"description\":\"Digital Music Distribution\",\"publisher\":{\"@id\":\"https:\/\/www.wiseband.com\/blog\/#organization\"},\"potentialAction\":[{\"@type\":\"SearchAction\",\"target\":{\"@type\":\"EntryPoint\",\"urlTemplate\":\"https:\/\/www.wiseband.com\/blog\/?s={search_term_string}\"},\"query-input\":{\"@type\":\"PropertyValueSpecification\",\"valueRequired\":true,\"valueName\":\"search_term_string\"}}],\"inLanguage\":\"es-ES\"},{\"@type\":\"Organization\",\"@id\":\"https:\/\/www.wiseband.com\/blog\/#organization\",\"name\":\"Wiseband\",\"url\":\"https:\/\/www.wiseband.com\/blog\/\",\"logo\":{\"@type\":\"ImageObject\",\"inLanguage\":\"es-ES\",\"@id\":\"https:\/\/www.wiseband.com\/blog\/#\/schema\/logo\/image\/\",\"url\":\"https:\/\/www.wiseband.es\/blog\/wp-content\/uploads\/2024\/07\/logo-wiseband.png\",\"contentUrl\":\"https:\/\/www.wiseband.es\/blog\/wp-content\/uploads\/2024\/07\/logo-wiseband.png\",\"width\":540,\"height\":200,\"caption\":\"Wiseband\"},\"image\":{\"@id\":\"https:\/\/www.wiseband.com\/blog\/#\/schema\/logo\/image\/\"}}]}<\/script>\n<!-- \/ Yoast SEO plugin. -->","yoast_head_json":{"title":"Distribuci\u00f3n Digital - Wiseband","robots":{"index":"index","follow":"follow","max-snippet":"max-snippet:-1","max-image-preview":"max-image-preview:large","max-video-preview":"max-video-preview:-1"},"canonical":"https:\/\/www.wiseband.es\/blog\/distribucion-digital\/","og_locale":"es_ES","og_type":"article","og_title":"Distribuci\u00f3n Digital - Wiseband","og_description":"1. \u00bfEn qu\u00e9 plataformas est\u00e1 disponible mi m\u00fasica? Las plataformas en las que est\u00e1 disponible su m\u00fasica se pueden ver en la pesta\u00f1a PRODUCTOS &gt; Distribuci\u00f3n Digital. En la columna &#8220;ACCIONES&#8221;, haga clic en el icono de ajustes del art\u00edculo y luego seleccione &#8220;Agregar\/Suprimir plataformas&#8221;. Ver\u00e1 la lista de las plataformas seleccionadas e incluso puede [&hellip;]","og_url":"https:\/\/www.wiseband.es\/blog\/distribucion-digital\/","og_site_name":"Wiseband","article_modified_time":"2021-08-04T08:00:43+00:00","og_image":[{"width":2560,"height":1707,"url":"https:\/\/www.wiseband.es\/blog\/wp-content\/uploads\/2020\/11\/neonbrand-plrlb68XPqI-unsplash-scaled.jpg","type":"image\/jpeg"}],"twitter_card":"summary_large_image","twitter_misc":{"Est. reading time":"4 minutes"},"schema":{"@context":"https:\/\/schema.org","@graph":[{"@type":"WebPage","@id":"https:\/\/www.wiseband.es\/blog\/distribucion-digital\/","url":"https:\/\/www.wiseband.es\/blog\/distribucion-digital\/","name":"Distribuci\u00f3n Digital - Wiseband","isPartOf":{"@id":"https:\/\/www.wiseband.com\/blog\/#website"},"primaryImageOfPage":{"@id":"https:\/\/www.wiseband.es\/blog\/distribucion-digital\/#primaryimage"},"image":{"@id":"https:\/\/www.wiseband.es\/blog\/distribucion-digital\/#primaryimage"},"thumbnailUrl":"https:\/\/www.wiseband.es\/blog\/wp-content\/uploads\/2020\/11\/neonbrand-plrlb68XPqI-unsplash-scaled.jpg","datePublished":"2020-11-16T14:01:46+00:00","dateModified":"2021-08-04T08:00:43+00:00","breadcrumb":{"@id":"https:\/\/www.wiseband.es\/blog\/distribucion-digital\/#breadcrumb"},"inLanguage":"es-ES","potentialAction":[{"@type":"ReadAction","target":["https:\/\/www.wiseband.es\/blog\/distribucion-digital\/"]}]},{"@type":"ImageObject","inLanguage":"es-ES","@id":"https:\/\/www.wiseband.es\/blog\/distribucion-digital\/#primaryimage","url":"https:\/\/www.wiseband.es\/blog\/wp-content\/uploads\/2020\/11\/neonbrand-plrlb68XPqI-unsplash-scaled.jpg","contentUrl":"https:\/\/www.wiseband.es\/blog\/wp-content\/uploads\/2020\/11\/neonbrand-plrlb68XPqI-unsplash-scaled.jpg","width":2560,"height":1707,"caption":"Distribuci\u00f3n digital"},{"@type":"BreadcrumbList","@id":"https:\/\/www.wiseband.es\/blog\/distribucion-digital\/#breadcrumb","itemListElement":[{"@type":"ListItem","position":1,"name":"Home","item":"https:\/\/www.wiseband.com\/blog\/"},{"@type":"ListItem","position":2,"name":"Distribuci\u00f3n Digital"}]},{"@type":"WebSite","@id":"https:\/\/www.wiseband.com\/blog\/#website","url":"https:\/\/www.wiseband.com\/blog\/","name":"Wiseband","description":"Digital Music Distribution","publisher":{"@id":"https:\/\/www.wiseband.com\/blog\/#organization"},"potentialAction":[{"@type":"SearchAction","target":{"@type":"EntryPoint","urlTemplate":"https:\/\/www.wiseband.com\/blog\/?s={search_term_string}"},"query-input":{"@type":"PropertyValueSpecification","valueRequired":true,"valueName":"search_term_string"}}],"inLanguage":"es-ES"},{"@type":"Organization","@id":"https:\/\/www.wiseband.com\/blog\/#organization","name":"Wiseband","url":"https:\/\/www.wiseband.com\/blog\/","logo":{"@type":"ImageObject","inLanguage":"es-ES","@id":"https:\/\/www.wiseband.com\/blog\/#\/schema\/logo\/image\/","url":"https:\/\/www.wiseband.es\/blog\/wp-content\/uploads\/2024\/07\/logo-wiseband.png","contentUrl":"https:\/\/www.wiseband.es\/blog\/wp-content\/uploads\/2024\/07\/logo-wiseband.png","width":540,"height":200,"caption":"Wiseband"},"image":{"@id":"https:\/\/www.wiseband.com\/blog\/#\/schema\/logo\/image\/"}}]}},"_links":{"self":[{"href":"https:\/\/www.wiseband.es\/blog\/wp-json\/wp\/v2\/pages\/25852","targetHints":{"allow":["GET"]}}],"collection":[{"href":"https:\/\/www.wiseband.es\/blog\/wp-json\/wp\/v2\/pages"}],"about":[{"href":"https:\/\/www.wiseband.es\/blog\/wp-json\/wp\/v2\/types\/page"}],"author":[{"embeddable":true,"href":"https:\/\/www.wiseband.es\/blog\/wp-json\/wp\/v2\/users\/2"}],"replies":[{"embeddable":true,"href":"https:\/\/www.wiseband.es\/blog\/wp-json\/wp\/v2\/comments?post=25852"}],"version-history":[{"count":0,"href":"https:\/\/www.wiseband.es\/blog\/wp-json\/wp\/v2\/pages\/25852\/revisions"}],"wp:featuredmedia":[{"embeddable":true,"href":"https:\/\/www.wiseband.es\/blog\/wp-json\/wp\/v2\/media\/25468"}],"wp:attachment":[{"href":"https:\/\/www.wiseband.es\/blog\/wp-json\/wp\/v2\/media?parent=25852"}],"wp:term":[{"taxonomy":"category","embeddable":true,"href":"https:\/\/www.wiseband.es\/blog\/wp-json\/wp\/v2\/categories?post=25852"},{"taxonomy":"post_tag","embeddable":true,"href":"https:\/\/www.wiseband.es\/blog\/wp-json\/wp\/v2\/tags?post=25852"}],"curies":[{"name":"wp","href":"https:\/\/api.w.org\/{rel}","templated":true}]}}